 3. Give u(d).
21
Let r be 9*1*(-6)/(-9). Let o = r + -1. Let h(f) = 17*f**3 - 114*f**2 + 5*f - 7. Let t(g) = -6*g**3 + 39*g**2 + g. Let b(n) = -h(n) - 3*t(n). Give b(o).
17
Suppose 0 = -3*k + 4*p + 118 + 22, -15 = 3*p. Let l = 42 - k. Suppose l*o = 4*q - 6*q + 14, -q + 11 = 3*o. Let j(b) = -2*b**2 + 5*b + 2. Give j(q).
-23
Let u(q) be the first derivative of q**3/3 + 13*q**2/2 + 44*q - 530. Calculate u(-8).
4
Let y(d) be the first derivative of d**2/2 - 8*d - 46526. Let m = -1 + 8. Suppose 3*n = m*n, n + 6 = b. Calculate y(b).
-2
Let i(f) = -f**2 - f + 5. Suppose -28 = -9*l + 8. Suppose -12 = -l*o + 4. Suppose -7*r = -o*r - 12. Calculate i(r).
-15
Let v be 32/240 - (-206)/30. Let p be 2 + (1 + -2 - -2). Let d(q) = -q - q**p + 2 + q**2 + 7*q + 5*q**2. Give d(v).
-5
Let l(o) = 40*o - 171. Let p(m) = -22*m + 85. Let w(j) = -4*l(j) - 7*p(j). What is w(14)?
5
Let y(q) = -q**2 - 6*q + 2. Let m(p) = -24*p + 5 + 68 + 40 + 7*p + 66. Let z be m(11). Give y(z).
-14
Let o(q) be the second derivative of -q**4/12 + q**3/6 + 5*q**2 + 2*q. Let s = 949 + -949. Suppose s = -67*w + 58*w. Determine o(w).
10
Let v(a) be the third derivative of -1/24*a**4 + 0 + 85*a**2 + 0*a - a**3. Suppose -4*m + 3*h = -26, 3*m + 2*m + 2*h = 21. Give v(m).
-11
Let q(s) = -7*s**2 - 10*s - 14. Let l(o) = -3*o**2 - 6*o - 8. Let x(t) = 9*l(t) - 4*q(t). Determine x(14).
-16
Let g be ((-13)/39)/(80/(-24)). Let b(z) be the third derivative of 0 + 0*z + 12*z**2 - 2/3*z**3 + 1/120*z**6 + g*z**5 + 1/6*z**4. Give b(-4).
12
Let h(o) = -o**2 + 8*o - 9. Let x be 4759*3/(-18) - 16/(-96). Let z = -787 - x. Calculate h(z).
3
Let j(v) = 240*v - 1659*v**2 + 3303*v**2 - 4 - 1628*v**2. Give j(-15).
-4
Let y(k) = -k**3 - 11*k**2 - 2*k - 24. Let w(o) = -144*o + 853. Let r be w(6). Calculate y(r).
-2
Let i(a) = 41*a**2 + 7*a - 16. Let l(b) = -89*b**2 - 13*b + 31. Let s(o) = -13*i(o) - 6*l(o). Calculate s(15).
52
Suppose -5*l - 2*q = -19 - 26, -4*l + 36 = -4*q. Suppose -12*y = l*y + 168. Let b(s) = -3*s - 5. What is b(y)?
19
Let k(b) = -b**3 + b**2 + 3*b + 4. Let j = 76 + -109. Let t(u) = -u**3 + 9*u**2 + 13*u + 6. Let v be t(10). Let q = j + v. What is k(q)?
-5
Let c(w) = -150*w - 302. Let z(t) = 10*t**3 + 2*t**2 - 12*t - 2. Let v be z(0). Give c(v).
-2
Let w(n) = 5*n + 4*n + 5*n - 12*n. Let g(l) = 3*l**2 - 20*l + 19. Let q be g(6). Determine w(q).
14
Let y(j) = -3*j**2 + j. Let h be y(-1). Let d = -232 - -236. Let x(t) = 0*t - 9*t - 4 + 5*t**2 - d*t**2 - 2*t**2. Calculate x(h).
16
Let t(n) = 7*n**3 - 27*n**2 - 32*n - 18. Let f(c) = -2*c**3 + c - 2. Let g(o) = 3*f(o) + t(o). Give g(28).
-52
Let w(b) = 2*b**2 - 18*b - 20. Suppose -14*p - 369 + 509 = 0. What is w(p)?
0
Let a(z) = 8*z**3 - z**2 + z + 2. Suppose y - 14 - 5 = 4*f, -f = -3*y + 2. Give a(y).
-8
Let q be -1 + (4 - 1) + 10 + -3. Let h be 9/((-6)/q - (-1)/(-3)). Let x(l) = l**3 + 8*l**2 - 8*l - 6. Give x(h).
-15
Suppose 8*w = 3*w. Suppose -5*n + w + 25 = 0. Let q(v) be the first derivative of -v**2/2 + 4*v + 197. What is q(n)?
-1
Let o(a) = 0*a - 128 - 127 - 4*a - 4*a - 36. Calculate o(-37).
5
Let q = -4243 + 4250. Let u(i) = -2*i**2 + 12*i + 2. Give u(q).
-12
Let q be -6*(1/2 - -1). Let f = -2 - q. Let a(z) = -8*z**2 - f*z + 11*z - z**3 + 6*z + 12. Calculate a(-9).
3
Let x(l) = -2*l - 6*l + 137 + 27 - 84 + 165. Calculate x(30).
5
Let j(g) be the second derivative of 0 - 1/6*g**3 - 7/2*g**2 - 50*g. Determine j(-8).
1
Let v(c) = -c**2 - 4*c + 34. Let s be ((-21)/28)/((-2)/(-24)). Let k be v(s). Let d(n) = n + 5. Determine d(k).
-6
Let w(b) = b**3 - 5*b**2 - 3*b + 1. Let y(x) = 9*x**3 - 19*x**2 - 13*x + 4. Let z(g) = 4*w(g) - y(g). Give z(1).
-5
Let r(s) be the first derivative of 7*s**2/2 + 26*s + 5391. Calculate r(-5).
-9
Let y(t) be the second derivative of 4*t + 0*t**2 - 28 + 1/3*t**3. Calculate y(6).
12
Let g = -37 - -47. Let v(l) = 1 + g*l**2 - 9*l**2 + 0. Let r(o) = -2*o**2 - 9*o + 7. Let k(x) = -r(x) - 3*v(x). What is k(7)?
4
Suppose u - 9203 + 9108 = -18*u. Let f(k) = k**2 + 3. Let g be f(0). Let m(z) = -3*z - z**2 + 5*z - 4 + g*z. Calculate m(u).
-4
Let r(u) = -3*u + 2. Let b(p) be the first derivative of -p**2/2 + 10*p + 28. Let c = -16 + 24. Let i be b(c). What is r(i)?
-4
Let v(g) = -2*g**2 + 17*g + 1. Let u be v(9). Let n be ((-10)/u)/(60/(-16) + 4). Let m(q) = -q**2 + n + 92*q - 96*q + 0*q**2. Give m(-4).
5
Let t(x) = -4*x**3 + 2*x**2 - x - 4. Let b(s) = 9*s**3 - 6*s**2 + 3*s + 7. Suppose 429 = 5*d + 394. Let r(p) = d*t(p) + 3*b(p). Let f = 0 + -5. Give r(f).
8
Let h(u) be the second derivative of 11*u**3/6 + 16*u**2 + 111*u + 4. What is h(-3)?
-1
Let r(b) = -9*b**2 - 4*b + 24. Let f(d) = -d**2 - d - 4. Let c(l) = 4*f(l) - r(l). Let w be c(3). Let m(t) = 0 + 3 + t**2 - 5*t + 2. Calculate m(w).
5
Let k(n) = 2*n**2 - 24*n - 21. Suppose 51 = 13*q - 118. Let j be k(q). Let d(x) = 0*x - 2*x - 10 + 17. Determine d(j).
-3
Let m(z) = -z - 20. Let v(u) = -9*u - 47. Let b(o) = -2*m(o) + v(o). Calculate b(-6).
35
Let k(o) = 10*o - 129. Let b(g) = 9*g - 109. Let h(t) = -4*b(t) + 3*k(t). Calculate h(8).
1
Let i(o) be the second derivative of o**4/12 - 3*o**3/2 + 4*o**2 + 5*o. Suppose -50 = -5*v + 2*a, 0 = -78*v + 81*v + 3*a - 9. Determine i(v).
0
Let w(r) = -4*r**2 - 23*r + 53. Let u(i) = i**2 + 8*i - 18. Let k(v) = 7*u(v) + 2*w(v). Suppose 11 = 2*j + s, 0 = 4*j - 2*s - 8 - 18. Calculate k(j).
4
Let h(m) be the second derivative of m**3/6 + 11*m**2/2 + 8*m. Let y be h(-9). Let b(s) = -7 + 2*s + 19 + s**y - s. Determine b(0).
12
Let s(p) = -28*p**2 - 29*p**2 + 2 - 12*p - 1 - p**3 + 84*p**2 - 21*p**2. Calculate s(3).
-8
Let k(c) = -c**2 + 17*c - 29. Suppose 4*l + 5*v = 14 + 75, 95 = 5*l + 3*v. Calculate k(l).
-13
Suppose 0 = -4*c - 3*f + 41, f - 5*f = -2*c + 48. Let i(t) = 27*t - 10*t - 6 - c*t. Suppose -2*q - 4*v = -14, -4*q = 3*v - 28 - 0. Give i(q).
15
Let i(o) be the first derivative of -o**4/4 + 3*o**3 + 17*o**2/2 - 70*o - 1248. Determine i(10).
0
Suppose -165*w - 384 - 1927 = -1. Let n(d) = d**2 + 9*d - 8. What is n(w)?
62
Let z = 43 - 38. Suppose z*n - 2*n - 18 = 4*c, 2*c + 2*n + 2 = 0. Let j(y) = -y**2 - 8*y - 2. Give j(c).
13
Let r(u) be the second derivative of u**5/20 + 2*u**4/3 - u**3 - 6*u**2 - 43*u + 4. What is r(-9)?
-39
Let w(b) = 18*b - 43*b + 15*b + 11*b - 9. Let z(o) = -1. Let f(c) = -w(c) + 3*z(c). Let y(d) = 2*d**3 + 2*d**2 - d + 1. Let v be y(-2). Determine f(v).
11
Suppose 58 = -5*o - 4*m, 2*o - 9 = 2*m - 7. Let t(u) = 4*u - 1 - 3*u + 3. What is t(o)?
-4
Suppose 182*q + 9 = -19 - 154. Let c(f) = -3 + 4 + 4 - 6 + 4*f. Give c(q).
-5
Suppose -360 + 88 = -17*o. Suppose -13*d + 21 = -o*d. Let w(q) = -q**2 - 8*q - 3. Give w(d).
4
Let n(q) = 9*q**2 + 3*q - 3. Let d be (-6)/16 + 1820/160. Let v(p) = -5*p**2 - 2*p + 2. Let i(k) = d*v(k) + 6*n(k). What is i(-5)?
-1
Let j(d) be the first derivative of d**3/3 + 5*d**2 + 1. Suppose 0 = 5*c + 45, -616*f = -617*f + 4*c + 25. What is j(f)?
11
Let d(m) = -m + 1. Let o(v) = -v**3 + v**2 + 2*v - 3. Let h(n) = d(n) - o(n). Suppose 57*k = 53*k - 4*u, -2*k - 12 = -2*u. What is h(k)?
-23
Let a be -1 + (3 + 1)/1. Let j be (a/(-2))/((-72)/(-672)). Let w(y) = y**2 + 15*y + 19. Give w(j).
5
Let v(t) = -t - 6. Let g(s) = -4*s + 32. Let d = 208 + -198. Let m be g(d). What is v(m)?
2
Let u(j) = 38*j**3 - 2*j**2 + 1. Suppose -42*l = -5*i - 41*l - 10, -3*i = 6*l - 27. Give u(i).
-39
Let b(g) = 3*g + 5. Let d be -3*(-3)/(-18)*-4. Suppose -2*z = -d*c - 7 + 17, 5*z + 7 = -4*c. Give b(z).
-4
Let k(h) = -5*h**3 + 1. Let t(r) = -21*r**3 - 6*r**2 - r + 3. Let a(q) = 4*k(q) - t(q). Calculate a(-4).
29
Let w(i) = -2*i**2 - 8*i**3 - 3 - 7*i + 7*i**3 - 3*i**2. Let r(f) = f**2 - 60*f - 474. Let z be r(-7). What is w(z)?
32
Let k(d) = -35*d + 33. Let z(t) = -130*t + 132. Let a(v) = -11*k(v) + 3*z(v). Calculate a(15).
-42
Let t = -2124 + 2128. Let a(q) = -q**2 - q + 1. Determine a(t).
-19
Let z(i) = 8*i**3 + 19*i**2 + 26*i - 16. Let y(f) = -3*f**3 - 10*f**2 - 12*f + 9. Let q(w) = -5*y(w) - 2*z(w). What is q(13)?
-78
Let g(x) be the third derivative of -x**5/60 - 3*x**4/8 + 13*x**3/3 - 26*x**2. Calculate g(-12).
-10
Let s(u) = -7*u**2 - 18*u - 1. Let v(o) = 3*o**2 + 8*o. Let p(q) = 2*s(q) + 5*v(q). Suppose -4*l + 8 = 3*y, 0 = 3*y + l + 4 + 3. Calculate p(y).
-2
Let q(s) = 4*s - 2. Let r(t) = 20*t - 24. Let a(y) = -4*